ve of q**5/4 + q**4/6 - q**3/3 + 171*q. Determine r(-2).
-28
Suppose 1 = -k + 3*j, 3*k - 2*j + 8 + 9 = 0. Let h(s) = s**3 + 5*s**2 - 9*s + 6. Calculate h(k).
-29
Let i(y) be the third derivative of 0*y**4 + 0*y**5 - 2/3*y**3 + 0 + 1/120*y**6 + 0*y + 15*y**2. Calculate i(0).
-4
Let c(w) be the second derivative of -w**5/20 + 5*w**4/12 - w**3/3 - 5*w**2/2 + 2*w - 48. Determine c(4).
3
Let m(c) = c**3 - c**2 - 3*c + 3. Suppose -4*x + 13 = i, 5*x - 17 = -4*i + 2*i. Let s(n) = 2*n**3 - n**2 + 1. Let h be s(i). Determine m(h).
1
Suppose 0 = -4*i + 2*i - 2, i = 3*u - 7. Let k(l) = -l**2 - 5*l - 2. Let z be k(-4). Let r(n) = n**z + 3*n - 2*n**2 + 0*n - 3. Calculate r(u).
-1
Let d(t) = t**2 + 426 - 432 + t**3 + 11*t**2 - 11*t - 2*t**3. Calculate d(11).
-6
Let p = -42 - -45. Let n(o) = -5. Let z(t) = -t + 9. Let l(a) = -a + 10. Let x(c) = 5*l(c) - 6*z(c). Let d(v) = p*n(v) - 4*x(v). What is d(-1)?
5
Let m(v) be the second derivative of -1/6*v**3 + 12*v + 7/2*v**2 + 0. Give m(0).
7
Suppose -3*a + 5 = 5*i, -i - 5 = -6*i + 3*a. Let r(h) = -3*h**2 + 3*h - 2. Let v be r(i). Let t(q) = -q**3 - 2*q**2 + 3*q + 3. Give t(v).
-3
Let a(z) = 4*z - 13. Let p be a(4). Let y(l) = l**3 - 5*l**2 + 4*l**2 + 3 + 0*l**2 + p*l. Give y(-2).
-15
Let u(r) = 4*r + 1. Let k(h) = h. Let a(v) = -3*k(v) + u(v). Give a(2).
3
Let s(w) = 11*w - 7. Let f = 900 + -899. Give s(f).
4
Let n(i) = -i**3 + 5*i. Let g be n(0). Let k(h) = h**2 - h - 14. Give k(g).
-14
Let b(i) = -i**2 + 4*i - 2. Let h = 314 - 309. Calculate b(h).
-7
Let p(o) = -2*o + 4*o + 10*o**2 - 11*o**2 + 6 - 5*o. Let r = 9 - 13. Let c(t) = -t**3 - 5*t**2 - 3*t - 1. Let l be c(r). Calculate p(l).
-4
Let d = -10 + -3. Let t(g) = g**2 - 7*g - 6. Let r be t(6). Let w = d - r. Let h(q) = -7*q**2 - q - 1. What is h(w)?
-7
Let j(a) be the third derivative of 1/2*a**3 + 0*a + 21*a**2 + 1/120*a**6 + 1/24*a**4 - 1/12*a**5 + 0. Calculate j(3).
-12
Let k(b) = -b**3 - 2*b**2 - b + 2. Let j = 161 + -163. Calculate k(j).
4
Let c(t) be the third derivative of t**4/24 - 5*t**3/6 - 2*t**2. Let f be c(13). Let m(n) = -2*n - n**2 - 4 + f*n + 1 + n. Determine m(6).
3
Let a(f) = 5*f - 6. Let b be ((-20)/(-50))/(1/(-15)). What is a(b)?
-36
Let r(k) be the third derivative of 4*k**2 + 0*k + 0*k**4 - 1/6*k**3 + 0 + 1/20*k**5. Give r(-2).
11
Let v = 329 - 319. Let k(q) = q**2 - 12*q + 9. Give k(v).
-11
Let k be -1*((-60)/36)/(1/3). Let t(m) = 5*m. Calculate t(k).
25
Let q(w) = -8*w - 19. Let h(d) = 3*d + 6. Let g(a) = -11*h(a) - 4*q(a). Let m(c) = -c**3 + 5*c**2 - c + 5. Let i be m(5). Give g(i).
10
Suppose 8*n = 3*n - 35. Let w(o) be the second derivative of o**3/6 + 15*o**2/2 - 10*o. Calculate w(n).
8
Let c = 225 + -224. Let l(y) be the first derivative of -5*y**2/2 + y - 2. Determine l(c).
-4
Let s(i) = -4 - 49*i + 97*i - i**2 - 57*i. Determine s(-8).
4
Let g(p) = -158*p - 794. Let r be g(-5). Let t(i) = 2*i + 5. Let z(o) = 3*o + 5. Let j(x) = 6*t(x) - 5*z(x). Calculate j(r).
17
Let t(r) = r**2 - 2. Let i(s) = -7*s**2 + 15*s + 24. Let a(u) = -i(u) - 6*t(u). Determine a(15).
-12
Suppose q - 51*o - 25 = -47*o, 3*q - 5*o - 47 = 0. Let p(g) = -g**3 + g**2 + 8*g**2 + 0 + 12. What is p(q)?
12
Let o(j) = 28*j - 230. Let b be o(8). Let m(w) = -w**3 - 5*w**2 + 8*w + 10. What is m(b)?
-2
Let w(o) be the first derivative of -o**4/4 + 2*o**3/3 + 3*o**2 - 3*o + 157. What is w(4)?
-11
Let u(w) = -2*w**2 + w - 1. Let l(o) = -2*o**2 + 2*o - 2. Let a(j) = -3*l(j) + 5*u(j). Give a(1).
-4
Let k(p) be the first derivative of 11 - 5/3*p**3 + 3/2*p**2 - 3*p + 1/2*p**4. Determine k(3).
15
Let p = -3 + 7. Suppose -n + 5*x = 4, 0*x - 2*x = p*n - 28. Let k(f) be the first derivative of -f**3/3 + 4*f**2 - 7*f - 7. Give k(n).
5
Let p(d) = -d**2 - 6*d - 4. Let b = 0 - -4. Let j be -5*(-4)/(0 - b). Give p(j).
1
Let x(z) = -2 + z + 3*z**2 - 4*z**2 + 2*z. Suppose 4*b = -3*l - l - 4, -4*l + 2 = -2*b. Suppose l = 3*m + 7*m - 40. Give x(m).
-6
Let c be 8/(-14)*(-2 - 5). Suppose -k + 2*j = 4 - 5, -c*k + 4 = -5*j. Let l(u) = -k + 8 - 3 + u + 0. Give l(3).
7
Let b be 2/(-3*(40/(-15))/(-4)). Let n(t) be the third derivative of t**5/5 + t**4/24 - t**2. Determine n(b).
11
Let v(t) = -2*t + 1. Let y be v(-6). Suppose 2*f - 2*k + y = -1, -f - k - 3 = 0. Let h(j) be the first derivative of j**2 + 2*j - 8. Calculate h(f).
-8
Let p(x) = -5*x - 3*x + 9*x - 10. Calculate p(-3).
-13
Let l(u) = 5*u**2 - 3*u - 5. Let a be l(4). Let m(r) = 31 - a + r + 30 + 0*r. Give m(-3).
-5
Let p(o) = -o**3 + 3*o**2 - 4*o - 4. Let m = 1239 - 1235. Calculate p(m).
-36
Let t(d) = -4*d**2 + 21*d - 4. Let f(g) = -6*g - 8*g + 5*g + 1 + g**2 + 2*g. Let a be (-4)/14 + 188/(-28). Let r(o) = a*f(o) - 2*t(o). What is r(-5)?
-9
Let f = 1 - 0. Let o = f - -2. Let k(q) = 4*q - q + 2 - 3 + o. Calculate k(-3).
-7
Let q(m) = m**3 + 20*m**2 + 19*m - 7. Suppose -517 - 15 = 28*p. Determine q(p).
-7
Let h be 13/((-13)/4) + -4. Let n(r) = -3*r - 16. Calculate n(h).
8
Let y(v) = v**2 + 2*v + 3. Let c = -777 - -773. Give y(c).
11
Let j(i) = -4*i + 50. Let n be j(13). Let c be n/(1/((125/(-10))/5)). Let g(q) = q**3 - 4*q**2 - 2*q - 4. Determine g(c).
11
Let y = 0 - 0. Let f(s) be the third derivative of s**6/120 - s**5/60 - 5*s**3/6 + 3*s**2 + 30. What is f(y)?
-5
Let a(s) = -s**2 + 4*s + 1. Let d(u) = -17*u + 142. Let k be d(8). What is a(k)?
-11
Let i(o) = -5*o - 4. Suppose 5*s + 6 = 5*v + 1, -5*v = -4*s - 3. Let n(p) = 10*p + 8. Let a(y) = s*n(y) - 5*i(y). Determine a(4).
24
Let o(g) = -4*g - 1 + 3*g - 3. Let t(l) = 1. Let f(y) = -y**2 + 2*y + 2. Let i be f(3). Let j(c) = i*o(c) + 3*t(c). Calculate j(-7).
0
Suppose -2*b = -0*b - 4. Suppose 6*r - 2*q = 3*r + 11, b*q = -8. Let u(z) = -14*z**3 + z**2 + z - 1. Determine u(r).
-13
Let v(w) = -15*w**2 + 2*w - 1. Let m = 22 - 21. Let d be 4/16*2*(1 + m). Calculate v(d).
-14
Let t(p) = 3. Let v(g) = g - 14. Let u(n) = 11*t(n) + 2*v(n). Let r = 312 + -317. Determine u(r).
-5
Let b(v) = -v**3 - 7*v**2 - 9*v - 2. Let u(g) = -g**3 - 13*g**2 - 11*g + 12. Let a be u(-12). Suppose -8*f + 12*f + 24 = a. Calculate b(f).
16
Let w(g) = -g**3 - 5*g**2 - 6*g - 6. Let l = -15 - -11. Determine w(l).
2
Let c(m) = -21*m**2 + 54*m - 15. Let v(y) = y**2 - 3*y + 1. Let z(h) = -c(h) - 18*v(h). Calculate z(-5).
72
Let c(m) = -m**3 - 6*m**2 - 5*m + 1. Let j be c(-5). Let k(t) = 13*t - 2*t - j - t. Let w = 700 - 701. What is k(w)?
-11
Let p(q) = 2*q**2 - 3*q**2 + 498 + 4*q - 500. Determine p(5).
-7
Let u(g) = 2*g**2 - 4*g + 2. Suppose 15 = -7*d + 4*d. Let k be (-1)/d + 18/10. Give u(k).
2
Let b(d) = d**2 + 16*d + 11. Let z(k) = -2*k**2 - 33*k - 23. Let o(r) = 13*b(r) + 6*z(r). Let q be (0/2 - 5)*2. What is o(q)?
5
Let n(b) = 117*b + 463. Let s be n(-4). Let o(f) be the third derivative of -f**4/24 - f**3/6 + f**2. Determine o(s).
4
Let o(s) = -5*s**2 + 10*s + 19. Let p(k) = 2*k**2 - 2. Let j(u) = o(u) + 3*p(u). Determine j(-8).
-3
Let v(b) = -b**2 + 5*b - 5. Suppose 28 = -4*g - 12. Let i = 3 - g. Suppose 0 = 2*d + 3 - i. Give v(d).
-5
Let w(h) = -h**3 - 9*h**2 - 8*h + 7. Suppose c - 4*c - 2*m = 32, 4*c = m - 28. Calculate w(c).
7
Let h(b) be the third derivative of -b**6/720 - b**5/120 - b**4/2 + 12*b**2. Let y(l) be the second derivative of h(l). What is y(0)?
-1
Let j(h) = -h**2 + 7*h - 9. Let w(n) = n**3 - n**2 + 5*n - 8. Let s be w(2). What is j(s)?
-3
Let l(k) = k**2 - 4*k + 2. Let f be l(4). Let j(d) = -d**f + 158 - 158 + 2*d - d**2. Let r be (-28)/(-49)*(-7)/(-2). Calculate j(r).
-4
Suppose -2*m + 2 = 2*a, -3*m + 2 - 3 = a. Let c(d) = -d**3 + 10*d**3 - 10*d**3 + 8 + d**a. Calculate c(0).
8
Suppose -4*t - k + 15 = -1, -2*t + 8 = 5*k. Let f(o) = -2*o + 1 - 12*o**2 - 2*o + t*o. Calculate f(1).
-11
Let m(z) be the second derivative of -z**5/20 + z**2/2 - 2*z - 28. Determine m(1).
0
Let o(p) = -p**2 - 30*p + 5*p**2 + 31*p. Give o(1).
5
Let i(k) = -k**3 + 5*k**2 - 10*k + 13. Suppose 2*z - 75 = -69. Determine i(z).
1
Let w(s) = 19 - 11*s - 8*s + 15*s. Give w(5).
-1
Suppose -4*r + 426 - 86 = -4*a, -265 = 3*a - 5*r. Let l = -73 - a. Let u(c) = c**3 - 8*c**2 + 6*c + 3. Determine u(l).
-4
Let c(g) = 6*g - 30. Let r be c(6). Suppose -3*b - 5*t = -2*t - r, b + 4*t = 11. Let x(y) = 11*y - 1. Calculate x(b).
-12
Let n(h) = -h**2 - 3*h + 9. Let z be -1 + -2 + -23 + 22. Give n(z).
5
Let n(w) = -5*w**2 + 7*w + 4. Let 